6366645 a multiple of 17?
False
Is 6381102 a multiple of 507?
True
Is 970845934 a multiple of 5?
False
Is 4 a factor of 1587159?
False
Is 81959901 a multiple of 18?
False
Does 8702 divide 1597095464?
True
Does 473 divide 41124512?
True
Is 15 a factor of 563114925?
True
Is 2038866 a multiple of 15?
False
Does 112 divide 1294347549?
False
Is 10 a factor of 112700678?
False
Is 27 a factor of 117638291?
False
Does 55 divide 1491139145?
False
Is 25 a factor of 3211520?
False
Is 20 a factor of 249164100?
True
Does 196 divide 12208465?
False
Does 17 divide 10980921?
False
Does 292 divide 204639999?
False
Is 35545524 a multiple of 9?
False
Is 96185540 a multiple of 2530?
True
Does 87 divide 332011314?
True
Does 7 divide 26446977?
False
Does 453 divide 43809483?
False
Is 884860128 a multiple of 48?
True
Is 18966198 a multiple of 17?
False
Is 134 a factor of 98163156?
False
Does 85 divide 13080310?
True
Is 776344962 a multiple of 24?
False
Is 1753 a factor of 3590988946?
True
Does 125 divide 7191125?
True
Is 2918 a factor of 484948008?
False
Is 86 a factor of 93272378?
False
Is 2141 a factor of 94255688?
False
Does 602 divide 55296167?
False
Is 690061270 a multiple of 45?
False
Is 7221 a factor of 44784642?
True
Does 45 divide 63775125?
True
Does 247 divide 165896716?
False
Is 6970300 a multiple of 3?
False
Is 161 a factor of 84731573?
False
Is 609 a factor of 220978375?
False
Is 270 a factor of 516028353?
False
Is 524 a factor of 72989008?
True
Is 7027 a factor of 6520283030?
True
Is 599839941 a multiple of 1705?
False
Is 82 a factor of 34793232?
False
Is 86026047 a multiple of 146?
False
Is 302 a factor of 1298368285?
False
Is 116 a factor of 2629233?
False
Does 222 divide 74174?
False
Is 192 a factor of 4185927?
False
Does 382 divide 1640276294?
True
Is 1201177787 a multiple of 130?
False
Is 26165584 a multiple of 54?
False
Does 122 divide 104594664?
False
Does 76 divide 141368512?
True
Does 9 divide 87669?
True
Does 152 divide 10558224?
True
Is 18224683 a multiple of 9?
False
Is 18508010 a multiple of 610?
True
Is 31907465 a multiple of 37?
False
Does 324 divide 24460380?
True
Does 4 divide 102822500?
True
Is 62 a factor of 366181486?
True
Is 315 a factor of 7814205?
True
Is 249 a factor of 40511304?
True
Is 163 a factor of 550927938?
True
Is 39555434 a multiple of 128?
False
Is 5998 a factor of 1063067697?
False
Does 209 divide 295019645?
False
Does 416 divide 6068818?
False
Is 20768391 a multiple of 13?
False
Is 97 a factor of 36857773?
False
Is 49658655 a multiple of 1540?
False
Does 3294 divide 126621360?
True
Does 10997 divide 5353107209?
False
Does 1341 divide 54637611?
False
Is 7 a factor of 21684790?
False
Is 277269600 a multiple of 1104?
True
Is 1123206 a multiple of 6?
True
Does 112 divide 191921357?
False
Is 28 a factor of 77510552?
True
Is 11177304 a multiple of 34?
False
Is 14 a factor of 35240770?
False
Does 11 divide 4781274301?
False
Does 3736 divide 33224962?
False
Is 3492684 a multiple of 9?
True
Is 2024466414 a multiple of 183?
True
Does 123 divide 3872778?
True
Is 243215679 a multiple of 1077?
True
Is 31399706 a multiple of 854?
False
Is 65 a factor of 331615140?
False
Does 402 divide 244376575?
False
Is 55186306 a multiple of 662?
True
Does 90 divide 30049006?
False
Is 336 a factor of 65459056?
False
Is 1001764264 a multiple of 31?
False
Is 4 a factor of 6171584?
True
Is 97065738 a multiple of 826?
True
Is 7289004 a multiple of 3?
True
Is 6073 a factor of 208934330?
False
Is 692158500 a multiple of 59?
True
Does 25 divide 1043951772?
False
Does 2662 divide 1493618596?
False
Is 3362 a factor of 47165498?
True
Is 6 a factor of 58416105?
False
Is 514 a factor of 232449304?
True
Is 226552293 a multiple of 9?
True
Is 299 a factor of 46867003?
False
Does 16 divide 9266704?
True
Is 96 a factor of 3522240?
True
Does 22 divide 86959378?
True
Is 1307 a factor of 7443365?
True
Is 192348546 a multiple of 39?
True
Does 1727 divide 535995174?
True
Is 466 a factor of 60321285?
False
Is 34241846 a multiple of 287?
False
Is 484 a factor of 608760780?
False
Is 58 a factor of 55061750?
False
Is 35990618 a multiple of 643?
False
Does 2480 divide 11137680?
True
Is 6397 a factor of 129665017?
False
Is 4 a factor of 3653633?
False
Is 891 a factor of 88322157?
True
Is 42032755 a multiple of 109?
False
Is 26 a factor of 9392318?
True
Is 148025200 a multiple of 1520?
True
Does 45 divide 20307780?
True
Does 9 divide 20179530?
True
Is 2495 a factor of 517757410?
True
Does 260 divide 263202680?
True
Is 11400701 a multiple of 290?
False
Is 303829526 a multiple of 47?
True
Does 298 divide 169646614?
False
Is 3 a factor of 14293337?
False
Is 438979925 a multiple of 25?
True
Is 898 a factor of 329091856?
True
Does 3076 divide 21602748?
True
Does 163 divide 2709943?
False
Does 141 divide 191050347?
True
Does 61 divide 174055082?
True
Does 104 divide 33023831?
False
Does 9 divide 342319945?
False
Does 245 divide 44566396?
False
Does 86 divide 33038104?
True
Is 23 a factor of 85488790?
False
Is 18 a factor of 462449593?
False
Is 4280 a factor of 4914403000?
True
Does 265 divide 20269320?
True
Is 4445150 a multiple of 3?
False
Does 39 divide 333698664?
True
Is 190 a factor of 222062196?
False
Is 570 a factor of 359550300?
True
Is 64 a factor of 1223109952?
True
Does 3363 divide 67000947?
False
Is 156 a factor of 10751557?
False
Does 28 divide 181595792?
True
Is 45760140 a multiple of 45?
True
Is 442 a factor of 628495712?
True
Does 34 divide 113702528?
True
Is 141 a factor of 20101806?
True
Does 4 divide 1204040?
True
Is 90 a factor of 277363440?
True
Is 274840 a multiple of 118?
False
Is 512 a factor of 1607184384?
True
Is 9844655 a multiple of 274?
False
Is 179 a factor of 223781325?
True
Is 26 a factor of 720770180?
True
Is 5158 a factor of 5154738276?
False
Is 129732900 a multiple of 132?
True
Is 848457549 a multiple of 53?
True
Is 26 a factor of 526402422?
True
Is 38874030 a multiple of 39?
True
Is 38536528 a multiple of 568?
True
Is 3 a factor of 498747765?
True
Is 82 a factor of 4177236?
False
Is 34642516 a multiple of 2252?
True
Does 284 divide 223154101?
False
Does 74 divide 712959734?
True
Is 3795456 a multiple of 42?
True
Is 6 a factor of 15166170?
True
Is 199182512 a multiple of 1816?
True
Does 5 divide 2683468390?
True
Is 21 a factor of 2268447048?
True
Is 1304611487 a multiple of 13?
False
Is 6 a factor of 112377948?
True
Is 25888781 a multiple of 2312?
False
Does 164 divide 678304?
True
Does 938 divide 244461107?
False
Is 2370536964 a multiple of 36?
True
Does 39 divide 322123737?
True
Is 6 a factor of 816341738?
False
Does 341 divide 21469859?
False
Is 130310424 a multiple of 54?
True
Is 6244 a factor of 5100224080?
True
Is 180837643 a multiple of 371?
True
Is 22 a factor of 2103552?
True
Does 258 divide 56922798?
True
Is 12 a factor of 34284928?
False
Is 466589514 a multiple of 7774?
False
Does 1877 divide 4994800235?
True
Is 3518351364 a multiple of 4323?
True
Is 6815542230 a multiple of 14655?
True
Is 89 a factor of 14325173?
True
Does 21 divide 23603328?
True
Does 906 divide 56375299?
False
Is 32977044 a multiple of 387?
True
Does 13 divide 7365723?
False
Is 34 a factor of 21837826?
True
Is 118 a factor of 7505036?
True
Does 67 divide 248015374?
True
Does 1094 divide 401883001?
False
Does 3877 divide 236806541?
False
Is 39519820 a multiple of 1290?
False
Does 788 divide 630012304?
True
Is 12 a factor of 278676816?
True
Is 2744 a factor of 2905856842?
False
Does 825 divide 50119584?
False
Is 55705303 a multiple of 14?
False
Is 16466710 a multiple of 40?
False
Does 35 divide 210635495?
True
Is 613 a factor of 7868468?
True
Does 7254 divide 1319454899?
False
Is 355019688 a multiple of 10?
False
Is 2436 a factor of 299610552?
False
Is 2206 a factor of 580725088?
True
Is 68436875 a multiple of 125?
True
Does 58 divide 233629955?
False
Is 511506470 a multiple of 127?
True
Is 16220006 a multiple of 34?
True
Is 52 a factor of 10929048?
True
Is 715128312 a multiple of 47?
True
Is 193 a factor of 407375715?
True
Is 72987425 a multiple of 175?
True
Is 1304 a factor of 4328389368?
True
Does 6835 divide 2819150430?
True
Is 10 a factor of 482971?
False
Is 51 a factor of 2363888004?
False
Is 372546615 a multiple of 29?
True
Is 395 a factor of 2054418854?
